- 2*h = -602 - 8142. List the prime factors of m.
5, 19, 23
Let d(w) = w**3 + 8*w**2 + 12*w + 9. Let t be d(-6). Let c(s) = -t*s**2 - 4*s - 1 + 15*s**2 - s + s**3. What are the prime factors of c(-6)?
29
Suppose -2*m - 19 = -5*u, 4*u - 2*u = -2*m + 16. Suppose u*o - 40 = 2*o - 5*f, -5*o + 2*f = -46. What are the prime factors of o?
2, 5
Let m(w) = -w**3 + 18*w**2 + 18*w + 23. Let t be m(19). Suppose f + 4*g - 40 = 0, -4*f - t*g + 113 + 47 = 0. What are the prime factors of f?
2, 5
Let q(z) = z**3 - 10*z**2 + 11*z. Suppose -5*f + 60 = -0*f. Suppose 39 - f = 3*a. What are the prime factors of q(a)?
2, 3
Let a = -22 + 83. List the prime factors of a.
61
Let s(v) = -v**3 - v**2 - v + 47. Let t be s(0). Suppose 6*w + t = x + 5*w, -2*x = -w - 91. Suppose 5*c - 1 - x = 0. List the prime factors of c.
3
Let b(w) = 8*w - 16. Suppose -2*r - 28 = 2*r. Let i = 15 + r. List the prime factors of b(i).
2, 3
Let s(z) = -z**3 - 8*z**2 - 11*z - 5. Let q be s(-7). Suppose -83 + q = -5*i. Let l = 43 - i. List the prime factors of l.
31
Suppose -5*s = -3*d - 507 + 140, 149 = 2*s + d. List the prime factors of s.
2, 37
Let c = -3449 - -6023. List the prime factors of c.
2, 3, 11, 13
Let l be ((-268)/(-6))/(8/24). Suppose -2*a - l = -0*a. Let b = a - -119. List the prime factors of b.
2, 13
Suppose -l = -3*l + 102. Suppose -3*a - l = -3*o, 2*a + 19 = 2*o - o. List the prime factors of o.
3, 5
Suppose 14*s - 12*s + 4 = 0. Let v = s + 3. Let i(m) = 20*m**3 - m**2 + m. List the prime factors of i(v).
2, 5
Suppose 3*j - 8*j - m = -125, -116 = -4*j - 4*m. Let v = j + -28. Let l = v + 45. What are the prime factors of l?
41
Suppose 3*v = -v + 312. Suppose -5*o = -6*o - v. What are the prime factors of o/4*16/(-12)?
2, 13
Let f be 8/(-6)*(-9)/2. Suppose -u + f = -c, -3*u + 2*c + 0*c = -14. Suppose 3*t - 31 = u*j, 2*t + 2*j = -2*t + 46. What are the prime factors of t?
11
Suppose 10*z - 3*z - 35 = 0. Suppose -4*b + 294 = z*l, -2*b + 144 = 3*l + l. What are the prime factors of b?
2, 19
Suppose 0 = 3*f + f. Suppose -2*s + j + 73 = f, -99 = -5*s - 3*j + 100. List the prime factors of s.
2, 19
Let c be 8 - 16/(8 - 4). List the prime factors of c/(-6)*819/(-6).
7, 13
List the prime factors of 10/10 - (0 - 3649).
2, 5, 73
Let l be (-23554)/(-30) + 6/(-45). Suppose 20*c - l = 15*c. What are the prime factors of c?
157
Suppose 5352 = 2*m - 8*s, -2*m - 5*s + 5365 = -0*m. What are the prime factors of m?
2, 5, 67
Let z be 1/6 - 616/(-48). Suppose -6 = 3*d - x + 2, 2*d = -3*x + z. List the prime factors of 1044/16 - d/(-4).
5, 13
Let w(j) = 754*j + 46. What are the prime factors of w(3)?
2, 577
Suppose -4*w + k + 65 = 0, 3*w - 2*k = 30 + 25. What are the prime factors of -6*-4*10/w?
2
Let q(z) = 9*z**2 + 12*z - 108. List the prime factors of q(12).
2, 3, 37
What are the prime factors of (8688/(-30))/(4/(-10))?
2, 181
Let b(h) = h**3 - 3*h**2 + 5*h + 4. Let n be b(4). Let q be 8/n - (-1)/(-5). Suppose -4*j + 204 = j + a, 5*j - a - 196 = q. What are the prime factors of j?
2, 5
Let w be (3/(-6))/((-3)/18). Suppose -5*d - 379 = -o, -5*d + w*d = -5*o + 170. What are the prime factors of 4/((-12)/d) - 0?
5
Suppose 5*a - a + 2*h - 30 = 0, -4*h - 57 = -5*a. Suppose a*n - n - 232 = 0. List the prime factors of n.
29
Suppose 5*r - 4 = 11. Suppose -r*z + 7*z - 24 = 0. What are the prime factors of z?
2, 3
Let j = 1681 + 369. What are the prime factors of j?
2, 5, 41
Suppose -4*t + 0*x = x - 7, -5*t - x + 9 = 0. Suppose a + t*a = 105. Suppose -3*w + 2*r = -21, -2*w + a = 3*w + r. What are the prime factors of w?
7
Suppose -a = -0*n - 5*n - 977, -2*n + 4777 = 5*a. List the prime factors of a.
3, 11, 29
Let q(p) be the first derivative of -p**4/4 - 3*p**3 - 7*p**2/2 - 11*p - 1. Suppose a + 32 - 9 = -2*z, z + 34 = -5*a. List the prime factors of q(z).
2, 13
Suppose t - 5 = 3*k - 0*k, -4*t - 4*k = -4. Suppose 438 = t*c + 4*c. List the prime factors of c.
73
Let v(g) = -g**3 + 2*g**2 + 6*g - 4. Let s be v(4). Let h(j) = j**3 + 12*j**2 - 3*j + 11. Let q be h(s). Let a = 76 - q. What are the prime factors of a?
29
Suppose -3*g - 3 = -m, 4*m - 4*g = -0*g - 4. What are the prime factors of (-4 - m)/((-2)/118)?
59
Suppose -4*b - 2*u + 8 = -2*b, 10 = -2*u. Suppose -2*y = -5*g - 28, -2*y - 3*g + 19 = -b. List the prime factors of y.
2, 7
Let r = 695 - 1275. List the prime factors of 3/6 - r/8.
73
What are the prime factors of (2 + 5)*(7 - (-3786)/42)?
2, 5, 17
Suppose -5*w + 3*w + q + 3 = 0, 5*q = w - 15. Let x(z) = -6*z - 9. Let m be x(-11). Suppose w*t + 3*t = m. What are the prime factors of t?
19
Suppose 43 = a + 4*r - 487, 0 = -5*a + 4*r + 2650. What are the prime factors of a?
2, 5, 53
Suppose -d - 2*m - 2*m = 2, 3*m = 4*d - 87. Suppose 0 = 4*v - d - 10. What are the prime factors of v?
7
Suppose -6*k = -1149 - 2133. What are the prime factors of k?
547
Suppose -5*t + q + 175 = 0, 4*t - t = q + 103. Let y be ((-5)/(-3))/((-1)/(-3)). Suppose -4*b = -r - 17, y*b - t = -r - 8. What are the prime factors of r?
3
Let p(z) = -2*z**2 - 2*z + 8. Let n be p(6). Let o = n - -87. List the prime factors of o.
11
Suppose 2*p + 2*k = -0*p - 536, -5*k = p + 284. Let f = -167 - p. List the prime factors of f.
97
Let p be 4/(-6)*-5*6/5. Suppose -j = -f + 217 - 33, -f = -p*j - 178. What are the prime factors of f?
2, 3, 31
Let q = 1474 + -590. What are the prime factors of q?
2, 13, 17
Let v be ((-30)/8)/(2/(-8)). Let c(a) = a**2 + 41*a + 68. Let q be c(-57). List the prime factors of q/v - (-4)/(-3).
2
Let o = -48 - -85. Let z be (3 - 56)/(-1) - -3. Let g = z - o. What are the prime factors of g?
19
Let u(z) = 3*z**2 - 5*z - 15. What are the prime factors of u(-12)?
3, 53
Let s(b) = b**2 + 5*b - 12. Let f be -8*(-3)/(-4)*-1. What are the prime factors of s(f)?
2, 3
Suppose 19*l - 19358 = 3195. What are the prime factors of l?
1187
Let j(u) = u**3 - 4*u**2 + 4*u. Let w be j(3). Suppose -6*t + w*h = -5*t - 239, t - h = 235. What are the prime factors of t?
233
Let a be (-20)/(-8) - (-6)/(-4). Suppose 4*m = -u + 72, -13 + a = -4*m. What are the prime factors of u?
2, 3, 5
Suppose 17 = -w + 4*q, 0*w - w - 8 = -q. List the prime factors of w*-34*9/30.
3, 17
Let j(i) = 69*i**2 + 6*i - 23. List the prime factors of j(5).
2, 433
Suppose -k = -v + 1183, 12*k - 17*k - 5 = 0. List the prime factors of v.
2, 3, 197
Suppose 2*d + 15 - 71 = 0. Let j = d - 6. What are the prime factors of j?
2, 11
Let q(x) = 163*x - 138. What are the prime factors of q(5)?
677
Suppose 4*f - 3683 - 1555 = -2*v, -3*f - 15 = 0. What are the prime factors of v?
11, 239
Let j(k) = -53*k + 22. What are the prime factors of j(-11)?
5, 11
Let t = -27 - -26. What are the prime factors of (-2 - t/(-1))*(-5 + -33)?
2, 3, 19
Let l(z) = -z**3 - 13*z**2 - 3*z + 5. Let n = -13 + 10. Let h(b) = 2*b - 7. Let o be h(n). What are the prime factors of l(o)?
2, 11
Let s(q) = -q + 28. Let g be s(-6). Suppose 37*j - g*j = 315. List the prime factors of j.
3, 5, 7
What are the prime factors of (-2)/(-4)*(1192 + 2 + 4)?
599
Suppose 3*y - y = -228. Let w = y + 144. What are the prime factors of w?
2, 3, 5
Let n be (-2 + -1)*10/(-3). Suppose 0 = 15*w - n*w - 15. Suppose w*y - 8*y + 103 = g, -5*g - 94 = -4*y. What are the prime factors of y?
3, 7
Let a = -239 + 370. Let s = -88 + a. What are the prime factors of s?
43
Let c = 105 + -99. Let y = -5 + -6. Let v = c - y. List the prime factors of v.
17
List the prime factors of 1*-863*(20 - 21).
863
Let f(j) = j**3 + 4*j**2 - 2*j + 4. Suppose -19 = -3*g + 5*k - 7, -5*k = 15. Let a be (-3 - (g - 4)) + -6. List the prime factors of f(a).
2, 3
Suppose 7 = -j + 2*f, -4*f + 7 + 16 = j. Suppose -j*r + 8 + 1 = 0. Suppose 0 = r*x + 3*b - 66, 0*x - 5*x + 110 = -b. List the prime factors of x.
2, 11
Let z = 1 - 1. Let w = -68 - -194. Suppose -5*y = -2*f - w, 3*y - 2*f - 74 = -z*y. List the prime factors of y.
2, 13
Let f(y) = y**2 - 12*y + 19. Let z be f(15). Suppose -11*v - z = -13*v. List the prime factors of v.
2
Let h(p) = p**3 - 2*p**2 + 6*p + 5. Let q be h(4). Suppose -3*d = -2*m + q, 0*d - 93 = -3*m + 3*d. List the prime factors of m.
2
Let p be (18/(-4))/((-1)/6). Suppose -255 = 2*o - 7*o. Let k = o - p. What are the prime factors of k?
2, 3
Let f(g) be the first derivative of -g**3/3 + 9*g**2/2 - 10*g - 6. Let o be f(7). Lis